he remainder when 76788 is divided by 10?
8
What is the remainder when 452 is divided by 33?
23
What is the remainder when 196 is divided by 17?
9
What is the remainder when 568 is divided by 66?
40
Calculate the remainder when 8444 is divided by 71.
66
What is the remainder when 101 is divided by 7?
3
Calculate the remainder when 129 is divided by 10.
9
Calculate the remainder when 991 is divided by 160.
31
What is the remainder when 138 is divided by 39?
21
Calculate the remainder when 1740 is divided by 481.
297
Calculate the remainder when 92 is divided by 20.
12
Calculate the remainder when 571 is divided by 7.
4
What is the remainder when 236 is divided by 198?
38
What is the remainder when 1706 is divided by 13?
3
Calculate the remainder when 148 is divided by 3.
1
What is the remainder when 124 is divided by 21?
19
What is the remainder when 1362 is divided by 639?
84
Calculate the remainder when 215 is divided by 21.
5
Calculate the remainder when 281 is divided by 6.
5
What is the remainder when 1713 is divided by 189?
12
What is the remainder when 4137 is divided by 46?
43
What is the remainder when 463 is divided by 164?
135
Calculate the remainder when 80 is divided by 21.
17
Calculate the remainder when 1047 is divided by 174.
3
Calculate the remainder when 4169 is divided by 14.
11
What is the remainder when 391 is divided by 28?
27
Calculate the remainder when 79 is divided by 48.
31
What is the remainder when 264 is divided by 90?
84
Calculate the remainder when 196 is divided by 58.
22
Calculate the remainder when 1037 is divided by 40.
37
What is the remainder when 49 is divided by 6?
1
Calculate the remainder when 239 is divided by 48.
47
What is the remainder when 157 is divided by 10?
7
Calculate the remainder when 6898 is divided by 69.
67
What is the remainder when 355 is divided by 51?
49
Calculate the remainder when 213 is divided by 72.
69
Calculate the remainder when 2120 is divided by 31.
12
What is the remainder when 23 is divided by 7?
2
What is the remainder when 304 is divided by 61?
60
What is the remainder when 5119 is divided by 109?
105
Calculate the remainder when 399 is divided by 8.
7
Calculate the remainder when 416 is divided by 104.
0
Calculate the remainder when 83 is divided by 38.
7
What is the remainder when 25184 is divided by 73?
72
What is the remainder when 941 is divided by 229?
25
What is the remainder when 3162 is divided by 15?
12
What is the remainder when 6113 is divided by 51?
44
What is the remainder when 173 is divided by 35?
33
What is the remainder when 579 is divided by 97?
94
Calculate the remainder when 1587 is divided by 30.
27
Calculate the remainder when 485 is divided by 50.
35
Calculate the remainder when 216 is divided by 112.
104
What is the remainder when 55 is divided by 29?
26
Calculate the remainder when 3936 is divided by 197.
193
Calculate the remainder when 780 is divided by 168.
108
What is the remainder when 259 is divided by 44?
39
What is the remainder when 138 is divided by 48?
42
What is the remainder when 1301 is divided by 433?
2
Calculate the remainder when 1000 is divided by 201.
196
What is the remainder when 132 is divided by 125?
7
Calculate the remainder when 281 is divided by 277.
4
What is the remainder when 387 is divided by 104?
75
What is the remainder when 626 is divided by 519?
107
Calculate the remainder when 763 is divided by 9.
7
What is the remainder when 107 is divided by 95?
12
Calculate the remainder when 318 is divided by 93.
39
What is the remainder when 849 is divided by 105?
9
Calculate the remainder when 511 is divided by 267.
244
What is the remainder when 38 is divided by 17?
4
What is the remainder when 309 is divided by 8?
5
What is the remainder when 819 is divided by 268?
15
Calculate the remainder when 146 is divided by 16.
2
What is the remainder when 8188 is divided by 90?
88
Calculate the remainder when 423 is divided by 199.
25
What is the remainder when 486 is divided by 113?
34
What is the remainder when 157 is divided by 18?
13
What is the remainder when 597 is divided by 22?
3
Calculate the remainder when 774 is divided by 116.
78
Calculate the remainder when 76 is divided by 9.
4
What is the remainder when 149 is divided by 38?
35
Calculate the remainder when 802 is divided by 67.
65
What is the remainder when 554 is divided by 3?
2
Calculate the remainder when 298 is divided by 75.
73
What is the remainder when 403 is divided by 7?
4
What is the remainder when 205 is divided by 75?
55
What is the remainder when 3568 is divided by 22?
4
Calculate the remainder when 296 is divided by 20.
16
Calculate the remainder when 308 is divided by 52.
48
What is the remainder when 38905 is divided by 131?
129
Calculate the remainder when 155 is divided by 40.
35
What is the remainder when 20 is divided by 6?
2
Calculate the remainder when 18481 is divided by 183.
181
What is the remainder when 1135 is divided by 81?
1
What is the remainder when 181 is divided by 156?
25
What is the remainder when 7800 is divided by 93?
81
What is the remainder when 885 is divided by 11?
5
Calculate the remainder when 746 is divided by 153.
134
What is the remainder when 2782 is divided by 90?
82
Calculate the remainder when 67 is divided by 18.
13
What is the remainder when 1128 is divided by 19?
7
Calculate the remainder when 214 is divided by 79.
56
Calculate the remainder when 476 is divided by 10.
6
What is the remainder when 719 is divided by 225?
44
Calculate the remainder when 2375 is divided by 301.
268
What is the remainder when 1707 is divided by 343?
335
Calculate the remainder when 141 is divided by 49.
43
Calculate the remainder when 6052 is divided by 19.
10
What is the remainder when 178 is divided by 37?
30
Calculate the remainder when 243 is divided by 43.
28
Calculate the remainder when 5 is divided by 3.
2
What is the remainder when 2868 is divided by 125?
118
Calculate the remainder when 161 is divided by 32.
1
Calculate the remainder when 1113 is divided by 39.
21
Calculate the remainder when 188 is divided by 12.
8
What is the remainder when 818 is divided by 5?
3
What is the remainder when 707 is divided by 5?
2
Calculate the remainder when 88 is divided by 15.
13
Calculate the remainder when 2942 is divided by 92.
90
Calculate the remainder when 178 is divided by 83.
12
Calculate the remainder when 252 is divided by 245.
7
What is the remainder when 419 is divided by 266?
153
Calculate the remainder when 143 is divided by 49.
45
Calculate the remainder when 568 is divided by 149.
121
What is the remainder when 225 is divided by 4?
1
Calculate the remainder when 635 is divided by 322.
313
What is the remainder when 52 is divided by 8?
4
Calculate the remainder when 170 is divided by 82.
6
What is the remainder when 484 is divided by 161?
1
What is the remainder when 624 is divided by 18?
12
What is the remainder when 583 is divided by 147?
142
What is the remainder when 256 is divided by 22?
14
What is the remainder when 80 is divided by 21?
17
What is the remainder when 44 is divided by 43?
1
What is the remainder when 733 is divided by 32?
29
What is the remainder when 1104 is divided by 79?
77
What is the remainder when 267 is divided by 67?
66
What is the remainder when 710 is divided by 89?
87
What is the remainder when 593 is divided by 9?
8
Calculate the remainder when 59 is divided by 23.
13
What is the remainder when 34 is divided by 16?
2
What is the remainder when 314 is divided by 34?
8
What is the remainder when 25467 is divided by 283?
280
What is the remainder when 147 is divided by 80?
67
What is the remainder when 925 is divided by 9?
7
What is the remainder when 457 is divided by 23?
20
Calculate the remainder when 237 is divided by 34.
33
Calculate the remainder when 89 is divided by 9.
8
Calculate the remainder when 1645 is divided by 127.
121
Calculate the remainder when 58 is divided by 50.
8
Calculate the remainder when 572 is divided by 556.
16
What is the remainder when 148 is divided by 35?
8
Calculate the remainder when 57 is divided by 47.
10
Calculate the remainder when 92 is divided by 38.
16
What is the remainder when 1323 is divided by 310?
83
What is the remainder when 71 is divided by 